{"id":6666,"date":"2023-10-10T09:40:48","date_gmt":"2023-10-10T09:40:48","guid":{"rendered":"https:\/\/viherma.com\/?post_type=product&#038;p=6666"},"modified":"2023-10-10T10:03:54","modified_gmt":"2023-10-10T10:03:54","slug":"modulo-bajo-horno-blanco-de-cocina-en-kit","status":"publish","type":"product","link":"https:\/\/viherma.com\/index.php\/producto\/modulo-bajo-horno-blanco-de-cocina-en-kit\/","title":{"rendered":"M\u00f3dulo Bajo Horno Blanco de Cocina En Kit"},"content":{"rendered":"<p>&nbsp;<\/p>\n<p>M\u00f3dulo bajo horno para cocina en kit.<\/p>\n<p>\u00a1Transforma tu cocina con nuestros modernos m\u00f3dulos en kit, donde la funcionalidad y el estilo se unen para crear un espacio \u00fanico! Cada detalle ha sido cuidadosamente dise\u00f1ado para ofrecer comodidad y durabilidad.<\/p>\n<p><strong>Caracter\u00edsticas:<\/strong><\/p>\n<p>Costados en melamina de 16 mm, con acabado a dos caras que proporcionan una superficie resistente y f\u00e1cil de limpiar.<\/p>\n<p>Melamina con tratamiento antibacteria, que promueve un ambiente saludable en tu cocina.<\/p>\n<p>Los costados est\u00e1n mecanizados para bisagras, haciendo que la instalaci\u00f3n sea un proceso intuitivo y sin complicaciones.<\/p>\n<p>*No incluye patas.<\/p>\n<p>Transforma tu cocina con nuestros m\u00f3dulos en kit, donde la calidad se encuentra con la practicidad para crear un espacio que te encantar\u00e1.<\/p>\n","protected":false},"excerpt":{"rendered":"<p>M\u00f3dulo Bajo Horno para cocina en kit.<\/p>\n<p><strong>Caracter\u00edsticas:<\/strong><\/p>\n<p>Costados en melamina de 16 mm, con acabado a dos caras que proporcionan una superficie resistente y f\u00e1cil de limpiar.<\/p>\n<p>Melamina con tratamiento antibacteria, que promueve un ambiente saludable en tu cocina.<\/p>\n<p>Los costados est\u00e1n mecanizados para bisagras, haciendo que la instalaci\u00f3n sea un proceso intuitivo y sin complicaciones.<\/p>\n","protected":false},"featured_media":6665,"comment_status":"open","ping_status":"closed","template":"","meta":{"site-sidebar-layout":"default","site-content-layout":"","ast-site-content-layout":"default","site-content-style":"default","site-sidebar-style":"default","ast-global-header-display":"","ast-banner-title-visibility":"","ast-main-header-display":"","ast-hfb-above-header-display":"","ast-hfb-below-header-display":"","ast-hfb-mobile-header-display":"","site-post-title":"","ast-breadcrumbs-content":"","ast-featured-img":"","footer-sml-layout":"","theme-transparent-header-meta":"default","adv-header-id-meta":"","stick-header-meta":"","header-above-stick-meta":"","header-main-stick-meta":"","header-below-stick-meta":"","astra-migrate-meta-layouts":"set"},"product_cat":[15,40,60],"product_tag":[],"class_list":["post-6666","product","type-product","status-publish","has-post-thumbnail","hentry","product_cat-todos-productos","product_cat-cocinas","product_cat-cascos-cocina","product_shipping_class-recogida-tienda","desktop-align-center","tablet-align-center","mobile-align-center"],"_links":{"self":[{"href":"https:\/\/viherma.com\/index.php\/wp-json\/wp\/v2\/product\/6666","targetHints":{"allow":["GET"]}}],"collection":[{"href":"https:\/\/viherma.com\/index.php\/wp-json\/wp\/v2\/product"}],"about":[{"href":"https:\/\/viherma.com\/index.php\/wp-json\/wp\/v2\/types\/product"}],"replies":[{"embeddable":true,"href":"https:\/\/viherma.com\/index.php\/wp-json\/wp\/v2\/comments?post=6666"}],"wp:featuredmedia":[{"embeddable":true,"href":"https:\/\/viherma.com\/index.php\/wp-json\/wp\/v2\/media\/6665"}],"wp:attachment":[{"href":"https:\/\/viherma.com\/index.php\/wp-json\/wp\/v2\/media?parent=6666"}],"wp:term":[{"taxonomy":"product_cat","embeddable":true,"href":"https:\/\/viherma.com\/index.php\/wp-json\/wp\/v2\/product_cat?post=6666"},{"taxonomy":"product_tag","embeddable":true,"href":"https:\/\/viherma.com\/index.php\/wp-json\/wp\/v2\/product_tag?post=6666"}],"curies":[{"name":"wp","href":"https:\/\/api.w.org\/{rel}","templated":true}]}}