{"id":6720,"date":"2023-10-11T07:47:55","date_gmt":"2023-10-11T07:47:55","guid":{"rendered":"https:\/\/viherma.com\/?post_type=product&#038;p=6720"},"modified":"2024-09-12T07:29:37","modified_gmt":"2024-09-12T07:29:37","slug":"rodapie-blanco-plastificado-de-70x12mm-a-244-cm","status":"publish","type":"product","link":"https:\/\/viherma.com\/index.php\/producto\/rodapie-blanco-plastificado-de-70x12mm-a-244-cm\/","title":{"rendered":"Rodapi\u00e9 Blanco Plastificado Recto de 70x12mm a 244 cm"},"content":{"rendered":"<p>Rodapi\u00e9 Blanco Plastificado de 70x12mm a 2,44 metros con canto recto.<\/p>\n<div class=\"group w-full text-token-text-primary border-b border-black\/10 gizmo:border-0 dark:border-gray-900\/50 gizmo:dark:border-0 bg-gray-50 gizmo:bg-transparent dark:bg-[#444654] gizmo:dark:bg-transparent\" data-testid=\"conversation-turn-35\">\n<div class=\"p-4 justify-center text-base md:gap-6 md:py-6 m-auto\">\n<div class=\"flex flex-1 gap-4 text-base mx-auto md:gap-6 gizmo:gap-3 gizmo:md:px-5 gizmo:lg:px-1 gizmo:xl:px-5 md:max-w-2xl lg:max-w-[38rem] gizmo:md:max-w-3xl gizmo:lg:max-w-[40rem] gizmo:xl:max-w-[48rem] xl:max-w-3xl }\">\n<div class=\"relative flex w-[calc(100%-50px)] flex-col gap-1 gizmo:w-full md:gap-3 lg:w-[calc(100%-115px)] agent-turn\">\n<div class=\"flex flex-grow flex-col gap-3 max-w-full\">\n<div class=\"min-h-[20px] flex flex-col items-start gap-3 whitespace-pre-wrap break-words overflow-x-auto\">\n<div class=\"markdown prose w-full break-words dark:prose-invert light\">\n<p>Estos rodapi\u00e9s no solo son funcionales, sino que tambi\u00e9n agregan un elemento estilizado a cualquier habitaci\u00f3n.<\/p>\n<p>El acabado plastificado no solo proporciona una superficie duradera y f\u00e1cil de limpiar, sino que tambi\u00e9n ofrece una est\u00e9tica contempor\u00e1nea. Su resistencia a los golpes y a la humedad los convierte en la elecci\u00f3n perfecta para \u00e1reas de alto tr\u00e1fico y entornos que requieren una f\u00e1cil limpieza.<\/p>\n<p>Adem\u00e1s de su funcionalidad, estos rodapi\u00e9s plastificados est\u00e1n disponibles en una variedad de colores y estilos, permiti\u00e9ndote personalizar tus espacios de acuerdo con tu visi\u00f3n creativa. Desde tonos neutros que se integran perfectamente hasta colores vibrantes que hacen una declaraci\u00f3n audaz, hay opciones para todos los gustos y estilos.<\/p>\n<p>La instalaci\u00f3n es r\u00e1pida y sencilla, lo que te permite disfrutar r\u00e1pidamente de la transformaci\u00f3n de tus espacios.<\/p>\n<\/div>\n<\/div>\n<\/div>\n<\/div>\n<\/div>\n<\/div>\n<\/div>\n","protected":false},"excerpt":{"rendered":"<p>Rodapi\u00e9 Blanco Plastificado de 70x12mm a 2,44 metros con canto recto.<\/p>\n<p>Estos rodapi\u00e9s no solo son funcionales, sino que tambi\u00e9n agregan un elemento estilizado a cualquier habitaci\u00f3n.<\/p>\n","protected":false},"featured_media":6719,"comment_status":"open","ping_status":"closed","template":"","meta":{"site-sidebar-layout":"default","site-content-layout":"","ast-site-content-layout":"default","site-content-style":"default","site-sidebar-style":"default","ast-global-header-display":"","ast-banner-title-visibility":"","ast-main-header-display":"","ast-hfb-above-header-display":"","ast-hfb-below-header-display":"","ast-hfb-mobile-header-display":"","site-post-title":"","ast-breadcrumbs-content":"","ast-featured-img":"","footer-sml-layout":"","theme-transparent-header-meta":"default","adv-header-id-meta":"","stick-header-meta":"","header-above-stick-meta":"","header-main-stick-meta":"","header-below-stick-meta":"","astra-migrate-meta-layouts":"set"},"product_cat":[15,36,54],"product_tag":[],"class_list":["post-6720","product","type-product","status-publish","has-post-thumbnail","hentry","product_cat-todos-productos","product_cat-rodapies","product_cat-rodapie-plastificados","product_shipping_class-recogida-tienda","desktop-align-center","tablet-align-center","mobile-align-center"],"_links":{"self":[{"href":"https:\/\/viherma.com\/index.php\/wp-json\/wp\/v2\/product\/6720","targetHints":{"allow":["GET"]}}],"collection":[{"href":"https:\/\/viherma.com\/index.php\/wp-json\/wp\/v2\/product"}],"about":[{"href":"https:\/\/viherma.com\/index.php\/wp-json\/wp\/v2\/types\/product"}],"replies":[{"embeddable":true,"href":"https:\/\/viherma.com\/index.php\/wp-json\/wp\/v2\/comments?post=6720"}],"wp:featuredmedia":[{"embeddable":true,"href":"https:\/\/viherma.com\/index.php\/wp-json\/wp\/v2\/media\/6719"}],"wp:attachment":[{"href":"https:\/\/viherma.com\/index.php\/wp-json\/wp\/v2\/media?parent=6720"}],"wp:term":[{"taxonomy":"product_cat","embeddable":true,"href":"https:\/\/viherma.com\/index.php\/wp-json\/wp\/v2\/product_cat?post=6720"},{"taxonomy":"product_tag","embeddable":true,"href":"https:\/\/viherma.com\/index.php\/wp-json\/wp\/v2\/product_tag?post=6720"}],"curies":[{"name":"wp","href":"https:\/\/api.w.org\/{rel}","templated":true}]}}