{"id":6993,"date":"2023-11-07T08:45:52","date_gmt":"2023-11-07T08:45:52","guid":{"rendered":"https:\/\/viherma.com\/?post_type=product&#038;p=6993"},"modified":"2026-01-11T18:20:57","modified_gmt":"2026-01-11T18:20:57","slug":"adhesivo-power-fix-instant-transparente-de-quilosa","status":"publish","type":"product","link":"https:\/\/viherma.com\/index.php\/producto\/adhesivo-power-fix-instant-transparente-de-quilosa\/","title":{"rendered":"Adhesivo Power Fix Instant Transparente de Quilosa"},"content":{"rendered":"<p>Adhesivo Power Fix Instant Transparente de Quilosa<\/p>\n<p class=\"paragraph faster__paragraph\">Power Fix es el adhesivo de montaje imprescindible para cualquier trabajo de construcci\u00f3n. Gracias a su especial formulaci\u00f3n hace que tu trabajo sea m\u00e1s eficiente y r\u00e1pido.<\/p>\n<p><strong>VENTAJAS<\/strong><\/p>\n<ul class=\"benefits benefits--has-check fast-benefits\">\n<li>\n<div class=\"benefit\">\n<p class=\"benefit__title\"><strong>F\u00f3rmula totalmente transparente:<\/strong> Gracias a su formulaci\u00f3n, garantiza un acabo invisible.<\/p>\n<\/div>\n<\/li>\n<li>\n<div class=\"benefit\">\n<p class=\"benefit__title\"><strong>Ahorra tiempo y dinero:<\/strong> Ahorra en la parte m\u00e1s costosa en los trabajos de construcci\u00f3n.<\/p>\n<\/div>\n<\/li>\n<li>\n<div class=\"benefit\">\n<p class=\"benefit__title\"><strong>Agarre instant\u00e1neo:<\/strong> Basado en la nueva generaci\u00f3n de pol\u00edmeros h\u00edbridos MS que proporcionan un agarre inicial inmediato junto a un tiempo de curado mucho m\u00e1s r\u00e1pido que las tecnolog\u00edas tradicionales.<\/p>\n<\/div>\n<\/li>\n<li>\n<div class=\"benefit\">\n<p class=\"benefit__title\"><strong>Curado r\u00e1pido:<\/strong>\u00a0El curado permite que los elementos soporten la carga despu\u00e9s de tan s\u00f3lo 2 horas. El producto estar\u00e1 completamente curado despu\u00e9s de 24 horas<\/p>\n<\/div>\n<\/li>\n<li>\n<div class=\"benefit\">\n<p class=\"benefit__title\"><strong>Fuerza extraordinaria:<\/strong>\u00a0La fuerza de adhesi\u00f3n final es de hasta 300kg\/10cm<sup>2<\/sup><\/p>\n<\/div>\n<\/li>\n<li>\n<div class=\"benefit\">\n<p class=\"benefit__title\"><strong>Adhesi\u00f3n excelente:\u00a0<\/strong>Pega todos los materiales, incluyendo las superficies h\u00famedas incluso en inmersi\u00f3n.<\/p>\n<\/div>\n<\/li>\n<li>\n<div class=\"benefit\">\n<p class=\"benefit__title\"><strong>Agarre instant\u00e1neo:<\/strong>\u00a0La articulaci\u00f3n final descarga perfectamente las vibraciones y es resistente a las condiciones clim\u00e1ticas cambiantes, a los rayos UV, la radiaci\u00f3n y los productos qu\u00edmicos diluidos.<\/p>\n<\/div>\n<\/li>\n<li>\n<div class=\"benefit\">\n<p class=\"benefit__title\"><strong>Producto qu\u00edmicamente neutro:<\/strong>\u00a0POWER FIX no contiene disolventes, siliconas ni isocianatos.<\/p>\n<\/div>\n<\/li>\n<li>\n<div class=\"benefit\">\n<p class=\"benefit__title\"><strong>No es corrosivo:<\/strong> Seguro con las superficies delicadas, no oxida los metales ni estropea los espejos.<\/p>\n<\/div>\n<\/li>\n<\/ul>\n","protected":false},"excerpt":{"rendered":"<p>Adhesivo Power Fix Instant Transparente de Quilosa<\/p>\n<p class=\"paragraph faster__paragraph\">Power Fix es el adhesivo de montaje imprescindible para cualquier trabajo de construcci\u00f3n. Gracias a su especial formulaci\u00f3n hace que tu trabajo sea m\u00e1s eficiente y r\u00e1pido.<\/p>\n<ul>\n<li>Agarre instan\u00e1neo 5 seg.<\/li>\n<li>Curado 2 horas.\n<ul>\n<li>Resistencia final 300kg\/ 10 cm\u00b2<\/li>\n<\/ul>\n<\/li>\n<\/ul>\n","protected":false},"featured_media":6997,"comment_status":"open","ping_status":"closed","template":"","meta":{"site-sidebar-layout":"default","site-content-layout":"","ast-site-content-layout":"default","site-content-style":"default","site-sidebar-style":"default","ast-global-header-display":"","ast-banner-title-visibility":"","ast-main-header-display":"","ast-hfb-above-header-display":"","ast-hfb-below-header-display":"","ast-hfb-mobile-header-display":"","site-post-title":"","ast-breadcrumbs-content":"","ast-featured-img":"","footer-sml-layout":"","theme-transparent-header-meta":"default","adv-header-id-meta":"","stick-header-meta":"","header-above-stick-meta":"","header-main-stick-meta":"","header-below-stick-meta":"","astra-migrate-meta-layouts":"set"},"product_cat":[15,51],"product_tag":[],"class_list":["post-6993","product","type-product","status-publish","has-post-thumbnail","hentry","product_cat-todos-productos","product_cat-fijacion-de-madera","desktop-align-center","tablet-align-center","mobile-align-center"],"_links":{"self":[{"href":"https:\/\/viherma.com\/index.php\/wp-json\/wp\/v2\/product\/6993","targetHints":{"allow":["GET"]}}],"collection":[{"href":"https:\/\/viherma.com\/index.php\/wp-json\/wp\/v2\/product"}],"about":[{"href":"https:\/\/viherma.com\/index.php\/wp-json\/wp\/v2\/types\/product"}],"replies":[{"embeddable":true,"href":"https:\/\/viherma.com\/index.php\/wp-json\/wp\/v2\/comments?post=6993"}],"wp:featuredmedia":[{"embeddable":true,"href":"https:\/\/viherma.com\/index.php\/wp-json\/wp\/v2\/media\/6997"}],"wp:attachment":[{"href":"https:\/\/viherma.com\/index.php\/wp-json\/wp\/v2\/media?parent=6993"}],"wp:term":[{"taxonomy":"product_cat","embeddable":true,"href":"https:\/\/viherma.com\/index.php\/wp-json\/wp\/v2\/product_cat?post=6993"},{"taxonomy":"product_tag","embeddable":true,"href":"https:\/\/viherma.com\/index.php\/wp-json\/wp\/v2\/product_tag?post=6993"}],"curies":[{"name":"wp","href":"https:\/\/api.w.org\/{rel}","templated":true}]}}